
False
Let x(q) = 296*q**2 + 4*q - 43. Is x(-11) a composite number?
False
Let c(y) = 2460*y**3 - y. Is c(1) composite?
False
Suppose 426342 = 53*p - 11*p. Is p a composite number?
False
Suppose 5*r - 1463 - 1302 = 0. Suppose -j + 5*p = -r, -5*j + 2*j + p = -1603. Is j a prime number?
False
Suppose 31 - 11 = 5*x + 5*v, -4*v - 14 = -2*x. Suppose n - 386 = 4*s, -5*n - 4*s = -0*n - 1978. Suppose -n = -x*d + 321. Is d composite?
True
Suppose 3209 = 2*k - 3785. Is k composite?
True
Suppose -4*r + 4*f - 8 - 8 = 0, r + 3*f = 8. Let i = r + 1. Suppose -3*p + 52 + 59 = i. Is p composite?
False
Let i(l) = -4*l**2 + 9. Let z(g) = -8*g**2 + 17. Let w(v) = -5*i(v) + 2*z(v). Let a = -11 + 6. Is w(a) a prime number?
True
Let d(z) = 55*z**2 - z - 3. Let s be d(-3). Let l = -116 + s. Is l composite?
False
Let m(k) = k**2 - 15. Let c be m(-4). Let j(r) = 294*r**2 + 1. Is j(c) a prime number?
False
Let k be 2/5 - 104/(-40). Let u(r) = 842*r - 23. Is u(k) prime?
True
Let u = 44 + -41. Suppose 458 + 771 = z + 3*w, u*z - 3647 = w. Is z a prime number?
True
Let c = 973 + -340. Suppose 3*j + c = 6*j. Is j prime?
True
Let z be (-11434)/(-6) - (10 - 6)/(-12). Let a = 717 + z. Is a a prime number?
False
Let f = -4727 - -2959. Let h = -329 - f. Is h a prime number?
True
Suppose a - 6*a = -4*r - 13149, 2617 = a - 4*r. Is a composite?
False
Let w(q) = q**3 - 10*q**2 + 9*q + 4. Let d be w(9). Suppose -5*r = -5*p - 30, -r - d*p = r. Suppose -r*j = -106 - 106. Is j a composite number?
False
Let h(f) = f**3 - 6*f**2 + 7*f - 6. Let l be h(5). Suppose -l*r - 8 = -6*r. Suppose 0*m - 140 = -r*m. Is m prime?
False
Is (-66)/(-36) + -2 - 417950/(-12) a prime number?
False
Let w(l) = -l**2 + 6*l + 1. Let o be w(5). Suppose 0 = o*s - 17128 + 2842. Suppose -s = -4*v + 687. Is v a prime number?
False
Let g(v) = 11*v - 40*v**2 - 7 + 215*v**2 - 9*v. Is g(-4) composite?
True
Let h(x) = 843*x - 104. Is h(5) prime?
True
Suppose c - 24089 - 19802 = -b, 3*c = 2*b - 87772. Is b a prime number?
True
Suppose 1929 = k - 800. Is k a composite number?
False
Suppose b + 21 = -2*b - 2*g, 0 = 2*b - 4*g + 30. Is (-805 + -8)*6/b composite?
True
Suppose -3210 = 19*r - 13*r. Let g = r - -5318. Is g a composite number?
False
Let t(l) = -4 + 1 - l**2 + 0 - 8*l. Let x be t(-7). Suppose -x*z + 155 = z. Is z a prime number?
True
Let g be (-12 + 11)/(2/(-6)). Suppose 4*a = 3*z + 858 - 283, a - 146 = g*z. Is a prime?
False
Let w = 7 + -2. Suppose -2*o + 1 = 3*f - 6, w*f = 3*o - 1. Suppose -j - 5*i + 17 = f, -4*i = 12. Is j prime?
True
Let p(b) = b**2 - 2*b + 1. Let g be p(2). Let q be (5/(-1))/((-2)/22). Is (q/20)/(g/4) a prime number?
True
Let j(x) = 44*x + 5. Let s(u) = -1. Let k(l) = -j(l) - 6*s(l). Let b be ((-4)/10)/((-9)/(-180)). Is k(b) a composite number?
False
Let z be 24/(-9)*(-135)/12. Is 22/165 + 5366/z a prime number?
True
Let x be 1*(-3)/3 - -3. Suppose 0 = -3*l - 3*z + 318, -x*l + 22 = -5*z - 176. Let a = -33 + l. Is a composite?
False
Suppose 2*c + 9*c = 163042. Is c a composite number?
True
Is (0 - 19*-1)/((-39)/(-8697)) a composite number?
True
Is 4 - (5584228/(-65) - (-4)/20) composite?
True
Let a(g) = -4*g**2 + g + 13. Let y be a(13). Let n = -21 - y. Is n prime?
False
Let o be 1*2*(16398/4)/(-9). Let c = 732 - o. Is c composite?
True
Let s be (6/(-2))/(24/(-6520)). Suppose -5*l - 326 = -2*g - l, 5*g - s = l. Is g a prime number?
True
Suppose -26 = -4*f - 2. Let l be ((-20)/f)/(2/(-3)). Let h(i) = -i**3 + 9*i**2 - 5*i + 2. Is h(l) prime?
False
Suppose 0 = -2*r + d - 292, -r + 304 = -3*r - 2*d. Suppose -o + 287 = -3*t, 4*o = 8*t - 4*t + 1116. Let j = o + r. Is j a prime number?
True
Suppose 19*g = 17*g - 2. Let u(p) = -259*p**3 + p**2 + 2*p + 2. Let t be u(g). Is t + 4 + (-2 - -3) prime?
False
Let g(a) be the first derivative of a**3/3 + 11*a**2/2 + a - 7. Is g(22) a prime number?
True
Let s = 2012 - 897. Is s composite?
True
Let f be (-2)/(-6)*(-58 - 5)/3. Let u(z) = -12*z**3 - 7*z**2 + 7*z - 17. Is u(f) composite?
True
Let h(c) = 1150*c**2 - 7*c + 9. Is h(2) composite?
True
Let s(t) = 3 + 0*t - 108*t**3 - t - 34*t**3 - t**2. Let b be s(-2). Suppose 0*i - i = a - 576, b = 2*a - 3*i. Is a composite?
True
Let v(q) = 2 - 2 + 90*q - 2 + 1. Suppose 5*g - 6 + 1 = 0. Is v(g) a composite number?
False
Let b = 8 - 21. Let f = b - -10. Is ((-1)/f)/((-3)/(-738)) prime?
False
Let q = 293 - 82. Is q a composite number?
False
Let l be 3 - (-2)/4*0. Suppose -4*x + 16 = 3*y, 5*y - 4*x = x + 15. Suppose 3*a = 6*g - l*g + 63, -y*a - 4*g = -84. Is a prime?
False
Is (11 - 12)*(2 + -3661) prime?
True
Suppose 4*g = -3*n + g + 2706, -4*n - g + 3596 = 0. Let j = n + -500. Is j composite?
True
Suppose 638*b - 648*b = -103690. Is b prime?
True
Let p = -40877 - -70336. Is p prime?
False
Suppose -4*g - 28258 = -2*r, 0 = -2*r + 5*g + 29644 - 1381. Is r a composite number?
True
Let p(h) = 8366*h - 1. Let y be p(1). Suppose 4*v + y = 9*v. Is v a composite number?
True
Let q be (4 + 1*-8)/(-2). Suppose -4*n + 1774 = -q*c, 1773 = 3*n + n - c. Is n a prime number?
True
Let r(j) = 115*j - 8. Let c be r(-6). Let t = 4159 - c. Is t a prime number?
False
Suppose -3*p = -5*a + 45, p - 5*p = 5*a - 80. Let g = a - 11. Is g/(-4) - 749/(-4) prime?
False
Let s(u) be the second derivative of -u**3/2 + 3*u**2 + 4*u. Let p be s(4). Is (-2414)/p + 14/21 a prime number?
False
Let w = 42983 - 26856. Is w composite?
False
Let b(p) = -p + 11. Let j be b(7). Suppose 5*g = 4*d - 994, j*d + 2*g - 259 - 749 = 0. Is d prime?
True
Suppose 6*m - 11*m + 2815 = 0. Let b = m - 144. Is b composite?
False
Suppose 3 = 4*d - 2*v - 3, 0 = 2*d + v - 9. Suppose -m - 5*n + 120 = 0, 0*n = 5*m - d*n - 572. Let y = m - 69. Is y a prime number?
False
Suppose -6*t + t = -2705. Is t a prime number?
True
Is -22*(0 - 5 - 10551/6) composite?
True
Let l(x) = -2*x**3 + 10*x**2 - 11*x + 9. Is l(-16) prime?
True
Is (-315273)/(-27) + -7*20/(-630) a composite number?
False
Is 24427/7 - (-10)/7 a composite number?
False
Let k(r) be the third derivative of -r**6/120 - 11*r**5/60 + r**4/3 + 3*r**3/2 + 3*r**2. Is k(-14) prime?
False
Is -6 + 12/2 - -1949 a composite number?
False
Suppose 0*w + 36867 = 5*a - 2*w, 4*a - 3*w = 29495. Is a prime?
False
Let n(b) = -10*b**3 + 11*b**2 - 6*b - 8. Is n(-11) composite?
False
Let t(q) be the first derivative of 18*q**3 - q**2 + 3*q + 33. Let w be -1 - (-3)/(-1)*-1. Is t(w) composite?
True
Is (-5595)/(-7) - 34/119 prime?
False
Suppose -1 - 5 = -3*d. Suppose 4*j - 326 = 2*j + d*r, 0 = -5*j + r + 799. Is j a composite number?
True
Suppose 0 = 3*c - 2*d - 6, d + 5 = 5*c - 4*d. Suppose -c*g - 2 + 10 = 0. Suppose 59 = p + 5*l, -g*l + 0 + 364 = 5*p. Is p composite?
True
Suppose -588149 = -42*k + 408049. Is k prime?
True
Let m be 240*2 + 4 - -4. Suppose 0 = -5*z - 0*p - p + 2392, z - m = 3*p. Is z a composite number?
False
Let m = 14446 - 3419. Is m a prime number?
True
Let k = 34 - 31. Suppose -b + 376 = k*b. Is b composite?
True
Suppose 29*g - 23*g - 1554 = 0. Is g a composite number?
True
Suppose -4*f = -4*r + 8084, 0*r + 6049 = 3*r + 4*f. Is r a prime number?
False
Let a be (-5)/(-35) + (-39)/(-21). Let t be (3 + (a - 15))/2. Let h = t - -20. Is h a prime number?
False
Let q = -33 + 127. Let i = q + -46. Let j = i + 10. Is j a prime number?
False
Is 327432/126*9/4 composite?
True
Suppose -3*u + 2 = -7. Let v = 28 - 24. Suppose v*s = -x + 121, 2*x - 3 = u*x. Is s prime?
True
Let i = 109637 - 75096. Is i composite?
True
Let i(k) = k**2 - 6*k + 2. Let o be i(4). Is (-2)/o*-3*-53 a prime number?
True
Let u = -53732 + 134977. Is u a composite number?
True
Let d be 2122/8 + 10/(-40). Let f = d - 42. Is f composite?
False
Suppose 9*q = 13*q. Suppose -12*i + 10*i + 778 = q. Is i prime?
True
Suppose -13 = 4*b - 5. Is 564 + (1 + -3)/b a composite number?
True
Is 78/(-30) + 2 + (-41758)/(-5) a composite number?
True
Let f(t) = -19*t**3 - 2*t**2 + 10. Suppose -3 + 9 = -2*r. Is f(r) prime?
False
Let v(h) = -16*h - 3 + 4 + 2 + 0. Is v(-8) composite?
False
Let c(n) = -176*n**3 - 8*n**2 + n - 19. Is c(-4) composite?
False
Is (90/450)/((-2)/(-259310)) composite?
False
Let o = 621 + -352. Suppose -o + 1225 = 4*x - l, l = 0. Is x composite?
False
Let z(b) = 34*b**2 + 3*b + 5. Let u(w) = -w**2 + 1. Let o(x) = 72*x**2 + 7*x + 5. Let c(m) = -o(m) - 5*u(m). Let q(p